 is the ten thousands digit of 84129225?
2
What is the tens digit of 81728789?
8
What is the hundred thousands digit of 390076289?
0
What is the ten millions digit of 830468766?
3
What is the millions digit of 122918834?
2
What is the millions digit of 151362895?
1
What is the ten thousands digit of 266091898?
9
What is the hundreds digit of 17396657?
6
What is the hundred millions digit of 274508500?
2
What is the units digit of 581098839?
9
What is the thousands digit of 887065136?
5
What is the millions digit of 5300588?
5
What is the units digit of 181593525?
5
What is the units digit of 1277395958?
8
What is the millions digit of 3038820646?
8
What is the millions digit of 67532325?
7
What is the millions digit of 950087380?
0
What is the thousands digit of 1845793871?
3
What is the tens digit of 1371591521?
2
What is the tens digit of 118419006?
0
What is the ten millions digit of 56597639?
5
What is the units digit of 1114913463?
3
What is the thousands digit of 51941279?
1
What is the hundred thousands digit of 3553826706?
8
What is the tens digit of 2402223370?
7
What is the units digit of 12679386?
6
What is the hundred millions digit of 424995610?
4
What is the thousands digit of 65468809?
8
What is the thousands digit of 405892973?
2
What is the units digit of 1875024583?
3
What is the millions digit of 14063585?
4
What is the units digit of 3234954538?
8
What is the tens digit of 40040836?
3
What is the tens digit of 109202147?
4
What is the millions digit of 42960982?
2
What is the units digit of 103494018?
8
What is the ten thousands digit of 62241819?
4
What is the hundreds digit of 52522990?
9
What is the units digit of 290810563?
3
What is the thousands digit of 38297881?
7
What is the thousands digit of 145274995?
4
What is the ten millions digit of 31670782?
3
What is the hundreds digit of 11045318?
3
What is the millions digit of 103683853?
3
What is the millions digit of 735661359?
5
What is the units digit of 1294324213?
3
What is the ten millions digit of 33304053?
3
What is the thousands digit of 94195449?
5
What is the hundred millions digit of 1486348844?
4
What is the thousands digit of 10530549?
0
What is the hundreds digit of 381481886?
8
What is the billions digit of 1838917249?
1
What is the millions digit of 420975450?
0
What is the thousands digit of 33346580?
6
What is the millions digit of 563850117?
3
What is the ten thousands digit of 1337747214?
4
What is the thousands digit of 718259051?
9
What is the millions digit of 6647699?
6
What is the millions digit of 163798636?
3
What is the ten thousands digit of 63070278?
7
What is the thousands digit of 768605906?
5
What is the ten millions digit of 2266404349?
6
What is the hundred thousands digit of 124884525?
8
What is the millions digit of 295644513?
5
What is the hundred millions digit of 149781792?
1
What is the hundred millions digit of 2471419870?
4
What is the thousands digit of 8007160?
7
What is the millions digit of 270327071?
0
What is the thousands digit of 186573164?
3
What is the hundred thousands digit of 2235424?
2
What is the thousands digit of 740888188?
8
What is the millions digit of 1865320814?
5
What is the ten thousands digit of 153756853?
5
What is the ten thousands digit of 2408224312?
2
What is the ten thousands digit of 800546409?
4
What is the ten thousands digit of 5425041?
2
What is the thousands digit of 2093321850?
1
What is the billions digit of 2228559118?
2
What is the hundred thousands digit of 885926048?
9
What is the thousands digit of 765362983?
2
What is the millions digit of 50972373?
0
What is the tens digit of 112844906?
0
What is the hundred millions digit of 582959846?
5
What is the ten millions digit of 12101440?
1
What is the tens digit of 3555981714?
1
What is the tens digit of 1901893924?
2
What is the hundred thousands digit of 3708312?
7
What is the ten thousands digit of 247376426?
7
What is the thousands digit of 7469310?
9
What is the units digit of 102834050?
0
What is the ten millions digit of 11094462?
1
What is the hundred thousands digit of 31315477?
3
What is the ten millions digit of 6886238878?
8
What is the hundreds digit of 15399304?
3
What is the ten thousands digit of 1342674301?
7
What is the ten thousands digit of 1135018224?
1
What is the thousands digit of 535790941?
0
What is the thousands digit of 2441393589?
3
What is the millions digit of 466732007?
6
What is the tens digit of 258030242?
4
What is the ten thousands digit of 7220550?
2
What is the millions digit of 189690250?
9
What is the ten millions digit of 31017196?
3
What is the ten thousands digit of 30800891?
0
What is the millions digit of 386211285?
6
What is the units digit of 235123905?
5
What is the millions digit of 36413600?
6
What is the hundred thousands digit of 375521379?
5
What is the tens digit of 67455547?
4
What is the ten millions digit of 36591192?
3
What is the millions digit of 756003260?
6
What is the ten millions digit of 1313524941?
1
What is the units digit of 45640368?
8
What is the millions digit of 518133799?
8
What is the thousands digit of 24080915?
0
What is the tens digit of 1200078303?
0
What is the ten millions digit of 4604273717?
0
What is the thousands digit of 665624120?
4
What is the ten millions digit of 983222660?
8
What is the units digit of 200634068?
8
What is the ten thousands digit of 1973232567?
3
What is the units digit of 323018197?
7
What is the tens digit of 111612898?
9
What is the ten millions digit of 12832230?
1
What is the ten thousands digit of 1026950435?
5
What is the billions digit of 8265443745?
8
What is the millions digit of 189873709?
9
What is the ten thousands digit of 95272124?
7
What is the hundreds digit of 1324426294?
2
What is the hundreds digit of 2264182327?
3
What is the ten thousands digit of 5466172820?
7
What is the tens digit of 13050868?
6
What is the hundreds digit of 351702332?
3
What is the hundreds digit of 1595763903?
9
What is the units digit of 857259840?
0
What is the tens digit of 724130767?
6
What is the ten thousands digit of 783219914?
1
What is the hundred thousands digit of 418056240?
0
What is the ten millions digit of 289883505?
8
What is the units digit of 693790564?
4
What is the millions digit of 59811807?
9
What is the tens digit of 12905387?
8
What is the tens digit of 12530919?
1
What is the units digit of 259063233?
3
What is the billions digit of 1368318359?
1
What is the ten millions digit of 423058038?
2
What is the hundred thousands digit of 182444632?
4
What is the tens digit of 1021891592?
9
What is the units digit of 132631358?
8
What is the ten thousands digit of 274681621?
8
What is the millions digit of 1622637288?
2
What is the ten millions digit of 1130586962?
3
What is the hundreds digit of 67220081?
0
What is the hundreds digit of 32678771?
7
What is the millions digit of 3517997988?
7
What is the hundred thousands digit of 450591982?
5
What is the hundreds digit of 287319621?
6
What is the millions digit of 81793610?
1
What is the thousands digit of 33361887?
1
What is the millions digit of 478453772?
8
What is the millions digit of 128610657?
8
What is the units digit of 37590964?
4
What is the units digit of 911075652?
2
What is the hundreds digit of 1455542794?
7
What is the thousands digit of 37498819?
8
What is the millions digit of 369055123?
9
What is the hundred thousands digit of 83713049?
7
What is the units digit of 2155268?
8
What is the hundred thousands digit of 122308310?
3
What is the tens digit of 537673122?
2
What is the thousands digit of 1062927026?
7
What is the millions digit of 2148305761?
8
What is the thousands digit of 874068203?
8
What is the units digit of 1468660660?
0
What is the hundred thousands digit of 348664089?
6
What is the tens digit of 463498057?
5
What is the hundred thousands digit of 506323937?
3
What is the ten thousands digit of 19413945?
1
What is the hundred thousands digit of 475025163?
0
What is the thousands digit of 811268200?
8
What is the ten millions digit of 151701045?
5
What is the hundreds digit of 1455339399?
3
What is the billions digit of 1215668025?
1
What is the ten thousands digit of 17220808?
2
What is the millions digit of 1626415603?
6
What is th